factors of 734.
2, 367
What are the prime factors of 100923?
3, 33641
What are the prime factors of 2138?
2, 1069
What are the prime factors of 3178?
2, 7, 227
What are the prime factors of 2572?
2, 643
List the prime factors of 113840.
2, 5, 1423
List the prime factors of 3942.
2, 3, 73
List the prime factors of 19185.
3, 5, 1279
List the prime factors of 6654.
2, 3, 1109
List the prime factors of 7452.
2, 3, 23
What are the prime factors of 2915?
5, 11, 53
What are the prime factors of 195713?
7, 73, 383
List the prime factors of 7135.
5, 1427
What are the prime factors of 1157?
13, 89
What are the prime factors of 102855?
3, 5, 6857
List the prime factors of 9040.
2, 5, 113
List the prime factors of 7992.
2, 3, 37
List the prime factors of 16140.
2, 3, 5, 269
List the prime factors of 2182.
2, 1091
List the prime factors of 25988.
2, 73, 89
List the prime factors of 85410.
2, 3, 5, 13, 73
What are the prime factors of 11920?
2, 5, 149
List the prime factors of 46788.
2, 3, 7, 557
What are the prime factors of 14207?
14207
List the prime factors of 895.
5, 179
What are the prime factors of 1447?
1447
What are the prime factors of 140897?
140897
List the prime factors of 18993.
3, 13, 487
What are the prime factors of 241?
241
List the prime factors of 1998.
2, 3, 37
What are the prime factors of 4331?
61, 71
What are the prime factors of 37389?
3, 11, 103
What are the prime factors of 3096?
2, 3, 43
List the prime factors of 3363.
3, 19, 59
List the prime factors of 56122.
2, 11, 2551
List the prime factors of 6188.
2, 7, 13, 17
List the prime factors of 350.
2, 5, 7
What are the prime factors of 80719?
53, 1523
List the prime factors of 2098.
2, 1049
List the prime factors of 1305.
3, 5, 29
List the prime factors of 5123.
47, 109
List the prime factors of 359.
359
What are the prime factors of 2874?
2, 3, 479
List the prime factors of 60767.
7, 8681
What are the prime factors of 13478?
2, 23, 293
List the prime factors of 535.
5, 107
What are the prime factors of 1261?
13, 97
What are the prime factors of 944?
2, 59
List the prime factors of 102904.
2, 19, 677
List the prime factors of 38582.
2, 101, 191
List the prime factors of 3701.
3701
What are the prime factors of 6845?
5, 37
List the prime factors of 86119.
11, 7829
What are the prime factors of 14609?
7, 2087
List the prime factors of 1503.
3, 167
What are the prime factors of 6500?
2, 5, 13
List the prime factors of 8055.
3, 5, 179
What are the prime factors of 4317?
3, 1439
List the prime factors of 935.
5, 11, 17
List the prime factors of 34147.
34147
List the prime factors of 10617.
3, 3539
List the prime factors of 1450.
2, 5, 29
What are the prime factors of 1022?
2, 7, 73
List the prime factors of 5879.
5879
What are the prime factors of 12533?
83, 151
List the prime factors of 17579.
17579
What are the prime factors of 7125?
3, 5, 19
List the prime factors of 72696.
2, 3, 13, 233
What are the prime factors of 897?
3, 13, 23
What are the prime factors of 1031?
1031
What are the prime factors of 9206?
2, 4603
What are the prime factors of 823?
823
List the prime factors of 502.
2, 251
List the prime factors of 33590.
2, 5, 3359
What are the prime factors of 5721?
3, 1907
What are the prime factors of 9641?
31, 311
List the prime factors of 57955.
5, 67, 173
What are the prime factors of 41933?
19, 2207
List the prime factors of 156896.
2, 4903
List the prime factors of 34786.
2, 17393
What are the prime factors of 1859?
11, 13
List the prime factors of 2423.
2423
List the prime factors of 9297.
3, 1033
What are the prime factors of 1554?
2, 3, 7, 37
What are the prime factors of 4513?
4513
What are the prime factors of 1174?
2, 587
List the prime factors of 3015.
3, 5, 67
What are the prime factors of 71774?
2, 17, 2111
What are the prime factors of 1700?
2, 5, 17
List the prime factors of 416.
2, 13
What are the prime factors of 22995?
3, 5, 7, 73
What are the prime factors of 1677?
3, 13, 43
List the prime factors of 4985.
5, 997
What are the prime factors of 920?
2, 5, 23
List the prime factors of 7576.
2, 947
List the prime factors of 11903.
11903
List the prime factors of 134301.
3, 89, 503
List the prime factors of 1283.
1283
What are the prime factors of 685?
5, 137
List the prime factors of 13389.
3, 4463
List the prime factors of 6526.
2, 13, 251
List the prime factors of 4552.
2, 569
What are the prime factors of 47604?
2, 3, 3967
List the prime factors of 4780.
2, 5, 239
What are the prime factors of 5563?
5563
List the prime factors of 13469.
13469
List the prime factors of 12139.
61, 199
List the prime factors of 40.
2, 5
What are the prime factors of 17187?
3, 17, 337
What are the prime factors of 664?
2, 83
What are the prime factors of 1431?
3, 53
List the prime factors of 1277.
1277
List the prime factors of 1321.
1321
What are the prime factors of 16006?
2, 53, 151
List the prime factors of 6061.
11, 19, 29
List the prime factors of 1724.
2, 431
What are the prime factors of 416?
2, 13
List the prime factors of 11818.
2, 19, 311
List the prime factors of 12987.
3, 13, 37
List the prime factors of 7019.
7019
What are the prime factors of 11325?
3, 5, 151
List the prime factors of 2485.
5, 7, 71
What are the prime factors of 666?
2, 3, 37
List the prime factors of 3656.
2, 457
What are the prime factors of 25421?
11, 2311
List the prime factors of 34289.
17, 2017
List the prime factors of 5107.
5107
What are the prime factors of 70562?
2, 35281
List the prime factors of 31467.
3, 17, 617
List the prime factors of 1444.
2, 19
What are the prime factors of 970?
2, 5, 97
What are the prime factors of 41170?
2, 5, 23, 179
What are the prime factors of 66?
2, 3, 11
What are the prime factors of 2108?
2, 17, 31
What are the prime factors of 118019?
11, 10729
List the prime factors of 1246.
2, 7, 89
List the prime factors of 21896.
2, 7, 17, 23
What are the prime factors of 2198?
2, 7, 157
List the prime factors of 10760.
2, 5, 269
What are the prime factors of 14607?
3, 541
What are the prime factors of 2951?
13, 227
What are the prime factors of 3539?
3539
What are the prime factors of 1274?
2, 7, 13
What are the prime factors of 184?
2, 23
What are the prime factors of 2181?
3, 727
List the prime factors of 202.
2, 101
List the prime factors of 78999.
3, 17, 1549
List the prime factors of 3476.
2, 11, 79
List the prime factors of 80719.
53, 1523
List the prime factors of 336.
2, 3, 7
What are the prime factors of 675?
3, 5
List the prime factors of 40545.
3, 5, 17, 53
List the prime factors of 14309.
41, 349
What are the prime factors of 1611?
3, 179
What are the prime factors of 490?
2, 5, 7
List the prime factors of 49698.
2, 3, 11, 251
What are the prime factors of 91208?
2, 13, 877
List the prime factors of 69069.
3, 7, 11, 13, 23
What are the prime factors of 74756?
2, 11, 1699
List the prime factors of 8167.
8167
What are the prime factors of 27222?
2, 3, 13, 349
List the prime factors of 16384.
2
List the prime factors of 43737.
3, 61, 239
List the prime factors of 13344.
2, 3, 139
List the prime factors of 4884.
2, 3, 11, 37
What are the prime factors of 39215?
5, 11, 23, 31
What are the prime factors of 14540?
2, 5, 727
What are the prime factors of 1909?
23, 83
What are the prime factors of 501?
3, 167
What are the prime factors of 1812?
2, 3, 151
List the prime factors of 27371.
101, 271
What are the prime factors of 1360?
2, 5, 17
What are the prime factors of 983?
983
List the prime factors of 291.
3, 97
What are the prime factors of 1168?
2, 73
List the prime factors of 774.
2, 3, 43
List the prime factors of 18581.
17, 1093
What are the prime factors of 29697?
3, 19, 521
What are the prime factors of 1213?
1213
What are the prime factors of 1020?
2, 3, 5, 17
List the prime factors of 67466.
2, 7, 61, 79
What are the prime factors of 31806?
2, 3, 19, 31
List the prime factors of 589.
19, 31
List the prime factors of 11135.
5, 17, 131
What are the prime factors of 1300?
2, 5, 13
List the prime factors of 564.
2, 3, 47
What are the prime factors of 36015?
3, 5, 7
List the prime factors of 597.
3, 199
What are the prime factors of 7356?
2, 3, 613
List the prime factors of 3783.
3, 13, 97
List the prime factors of 19234.
2, 59, 163
List the prime fac